1?
320
In base 14, what is 1710 - -1?
1711
In base 15, what is -418 - 0?
-418
In base 10, what is -544 + 3?
-541
In base 6, what is -42 + -10?
-52
In base 2, what is -110101 + -10?
-110111
In base 2, what is -1 - 1110100010?
-1110100011
In base 12, what is -602b - 2?
-6031
In base 5, what is -3 - 222?
-230
In base 11, what is -9 + 4?
-5
In base 4, what is 10 + -100110?
-100100
In base 3, what is -21000202 + 11?
-21000121
In base 7, what is 5 - 205?
-200
In base 16, what is -36 - e1?
-117
In base 8, what is 0 + 11326?
11326
In base 16, what is -3 + 288?
285
In base 2, what is 110 - 101001?
-100011
In base 4, what is 2 + 3120?
3122
In base 9, what is 32 + -4?
27
In base 2, what is 110111 - -1101?
1000100
In base 15, what is 0 - 1ac?
-1ac
In base 14, what is -205 + -a?
-211
In base 10, what is 7568 + -4?
7564
In base 4, what is -102331 + 0?
-102331
In base 11, what is 3 + -5278?
-5275
In base 12, what is 10 - -4b7?
507
In base 3, what is 22 + -1021?
-222
In base 6, what is 34 - 3?
31
In base 10, what is -5 - -18?
13
In base 3, what is 2 - -10202?
10211
In base 10, what is 148 + 9?
157
In base 2, what is -1 - 100011?
-100100
In base 16, what is -356 - -15?
-341
In base 3, what is 2001 - 110?
1121
In base 12, what is -6 + 69?
63
In base 9, what is 20 + 5?
25
In base 10, what is 53 + -200?
-147
In base 16, what is -15 + 6?
-f
In base 5, what is 4 - 111?
-102
In base 2, what is -10110111 - -1000?
-10101111
In base 8, what is -2 - 240?
-242
In base 8, what is 0 - -51?
51
In base 14, what is 5a2 + 2?
5a4
In base 4, what is -20123 - -121?
-20002
In base 12, what is a1 + -53?
4a
In base 14, what is 4 + -218?
-214
In base 6, what is -4 + 154?
150
In base 5, what is -3 - -230?
222
In base 15, what is -3 - 46?
-49
In base 11, what is -9 - -16?
8
In base 6, what is -25 + -3?
-32
In base 11, what is -6 - -174?
169
In base 13, what is -9 - 15?
-21
In base 5, what is -3 - -2443?
2440
In base 14, what is 4 + -14?
-10
In base 8, what is 133 - 5?
126
In base 16, what is 10d + 1?
10e
In base 11, what is 21 - 3?
19
In base 5, what is -103 + -11?
-114
In base 3, what is -10 + -10220120?
-10220200
In base 4, what is 10 - 2001?
-1331
In base 14, what is 1a01 - 3?
19dc
In base 4, what is 20 + -1211?
-1131
In base 14, what is -5b09 + 5?
-5b04
In base 14, what is -31 + -4b?
-7c
In base 14, what is -5 - -5d6?
5d1
In base 7, what is -5 + -52?
-60
In base 6, what is 42 + -1344?
-1302
In base 8, what is 251 + 5?
256
In base 7, what is -33 - 5?
-41
In base 6, what is 1 + 2313?
2314
In base 14, what is -853 - 3?
-856
In base 9, what is -5 - 250?
-255
In base 11, what is -12 - -1?
-11
In base 3, what is 2220 - -121?
10111
In base 12, what is 6326 + -5?
6321
In base 2, what is -100001110 + 10?
-100001100
In base 9, what is -284 - 57?
-352
In base 11, what is 687 + -6?
681
In base 2, what is -1011111 + -11?
-1100010
In base 4, what is 10012 + -312?
3100
In base 4, what is -21 + -22110?
-22131
In base 13, what is 8995 - -4?
8999
In base 10, what is -249 - 3?
-252
In base 14, what is c0c1 + 0?
c0c1
In base 3, what is -10222122 - 2?
-10222201
In base 11, what is -1759 + 10?
-1749
In base 5, what is -43 - 1400?
-1443
In base 10, what is 12 + -123?
-111
In base 2, what is -1 - 1110?
-1111
In base 8, what is -32017 - 3?
-32022
In base 12, what is 4 - -4?
8
In base 14, what is -1d - -b?
-12
In base 5, what is -22 - 121?
-143
In base 11, what is 8 + 59?
66
In base 15, what is -5 + 4a?
45
In base 10, what is -26 - 23?
-49
In base 3, what is 102 + -2101?
-1222
In base 9, what is 0 - 125?
-125
In base 14, what is 1d + 5a2?
5c1
In base 14, what is -6 - 79?
-81
In base 13, what is 5 - 45ab?
-45a6
In base 12, what is -8 + 6?
-2
In base 10, what is -5 - -119?
114
In base 13, what is -36 - -5?
-31
In base 3, what is -1 + -1121?
-1122
In base 7, what is -550 - 0?
-550
In base 7, what is -13 - -235?
222
In base 6, what is 552 + 4?
1000
In base 9, what is -56 + 156?
100
In base 2, what is 1 + -1001101000001?
-1001101000000
In base 3, what is -11 + 1120010?
1112222
In base 12, what is -9 - -335?
328
In base 13, what is -3 + 10a5?
10a2
In base 10, what is 758 - 2?
756
In base 10, what is -2 + 1246?
1244
In base 8, what is -5 + -30?
-35
In base 8, what is 7 + 41?
50
In base 5, what is -4 - 1?
-10
In base 2, what is -10101 + -1?
-10110
In base 11, what is -7 + -a9?
-105
In base 10, what is -28 - -280?
252
In base 2, what is -10 + 11110101011?
11110101001
In base 8, what is 605 + 24?
631
In base 10, what is -59 - 124?
-183
In base 5, what is -4323 + -1?
-4324
In base 10, what is -1311 - -1?
-1310
In base 10, what is -111 - -40?
-71
In base 16, what is 4 - -1ba?
1be
In base 7, what is 4 - 10412?
-10405
In base 13, what is -4 + 87?
83
In base 8, what is 13 + -1170?
-1155
In base 12, what is -166 - 1?
-167
In base 8, what is 0 - 507?
-507
In base 4, what is 2210112 + 0?
2210112
In base 5, what is -324 - -221?
-103
In base 13, what is -4 + 1383?
137c
In base 5, what is -10 + -11134?
-11144
In base 12, what is 7b + -3?
78
In base 3, what is -1 - -1202212?
1202211
In base 2, what is 10010100 + 1?
10010101
In base 3, what is 121 + -1210?
-1012
In base 10, what is 177 - 4?
173
In base 7, what is 125 - -51?
206
In base 16, what is 0 + 612?
612
In base 5, what is -4 + 131?
122
In base 4, what is 21 + 0?
21
In base 2, what is 11001 + -10?
10111
In base 15, what is -36 - -2?
-34
In base 10, what is -602 + -3?
-605
In base 6, what is -32 + -12?
-44
In base 4, what is 10231 + 0?
10231
In base 2, what is -10100111110000 + -11?
-10100111110011
In base 12, what is -93 - 3?
-96
In base 14, what is a - 448?
-43c
In base 2, what is 11111101 + 1010?
100000111
In base 5, what is -402 - 0?
-402
In base 14, what is b6 + 33?
109
In base 15, what is -b + -e?
-1a
In base 13, what is -1b - -3c?
21
In base 9, what is -5 - -35?
30
In base 11, what is -9 - -2?
-7
In base 6, what is -2 + -40551?
-40553
In base 8, what is 32 + -22?
10
In base 3, what is 1 + 120?
121
In base 5, what is 10 + 1322?
1332
In base 7, what is 4 - 5560?
-5553
In base 16, what is -e - -20?
12
In base 4, what is -10 + 1202?
1132
In base 6, what is -14 + 2?
-12
In base 10, what is -4 - 84?
-88
In base 10, what is 1 - -1706?
1707
In base 10, what is -104 + 2?
-102
In base 16, what is -5 + -a6?
-ab
In base 10, what is 1001 + 1?
1002
In base 16, what is c9 + 6?
cf
In base 16, what is 0 + -1fe?
-1fe
In base 13, what is -6ab - 5?
-6b3
In base 13, what is 1 - -16a3?
16a4
In base 4, what is -311 - -10?
-301
In base 12, what is 0 + 1?
1
In base 8, what is 0 + -105?
-105
In base 10, what is 3002 + 3?
3005
In base 14, what is -6 + -60?
-66
In base 12, what is -2762 + 5?
-2759
In base 4, what is -10301 + 12?
-10223
In base 11, what is -1 + -3307?
-3308
In base 7, what is -1013 - -2?
-1011
In base 5, what is 344 + -2?
342
In base 3, what is -1000101 - -2?
-1000022
In base 13, what is -1 + -83?
-84
In base 11, what is -2649 + -2?
-2650
In base 6, what is -1540 - 3?
-1543
In base 11, what is -1 + 11?
10
In base 16, what is -b - 7?
-12
In base 4, what is 1022 + -100?
322
In base 15, what is b6 + 5?
bb
In base 13, what is 52 + -3?
4c
In base 10, what is 1 + 2310?
2311
In base 15, what is 10 + 1?
11
In base 16, what is -3 - -e?
b
In base 7, what is -16 - -456?
440
In base 8, what is 1740 - 5?
1733
In base 2, what is 10110100101 + -101?
10110100000
In base 2, what is 101 + -11011?
-10110
In base 9, what is 1463 + -1?
1462
In base 15, what is 751 - -1?
752
In base 16, what is -4c2 + 2?
-4c0
In base 5, what is -34223 - 0?
-34223
In base 10, what is 728 + 2?
730
In base 12, what is 7 + -229?
-222
In base 13, what is 85 + -60?
25
In base 3, what is 0 + 100220?
100220
In base 13, what is 6bb - -1?
6bc
In base 14, what is -5ac + 3?
-5a9
In base 2, what is 1000011 - -1110010?
10110101
In base 2, what is -10 - 11111010110?
-11111011000
In base 4, what is -1122 + 10?
-1112
In base 9, what is -4 - 705?
-710
In base 7, what is -1 - -35?
34
In base 7, what is -560 + 12?
-545
In base 6, what is 130 + 1200?
1330
In base 13, what is 5 - 805?
-800
In base 2, what is 11 + 1100101?
1101000
In base 9, what is -66 + 1?
-65
In base 14, what is -4 + 36?
32
In base 5, what is -120 - 4?
-124
In base 2, what is -101 - -10010100?
10001111
In base 3, what is -10110 + -1?
-10111
In base 13, what is 2cc +